the prime factors of j(u).
2, 23
Let p = -186 + 254. Suppose -66*m + p*m - 1072 = 0. What are the prime factors of m?
2, 67
List the prime factors of (-10)/12*-9*((-82880)/(-12))/14.
2, 5, 37
Let q be (-1 + -12)*2/(3 + -1). Let s be (2/q - 0) + (-501)/39. Let o = 61 + s. What are the prime factors of o?
2, 3
Let x be (-6)/5*1140/(-171). Suppose -396 - 140 = -x*p. List the prime factors of p.
67
Suppose -5*b = -0*b - 45. Let v be (39/b)/(3/459*3). Let c = 315 - v. What are the prime factors of c?
2, 47
Suppose 7*u - 5*u - 1170 = 0. Let m = -555 + u. List the prime factors of m.
2, 3, 5
Let o(q) be the third derivative of 11*q**5/60 + q**4/6 + 16*q**3/3 + 32*q**2. List the prime factors of o(5).
3, 109
Suppose -5*n = -266 - 14. Let v = -45 + n. Suppose 8*w - v*w = -90. List the prime factors of w.
2, 3, 5
Suppose 6*o - 46121 = o - y, 4*y = -5*o + 46139. List the prime factors of o.
23, 401
Suppose 0 = -35*g + 195213 - 59658. List the prime factors of g.
3, 1291
Suppose -4*a + 14*a + 20 = 0. List the prime factors of 3859/(-454)*(0 - (-136)/a).
2, 17
Let k(w) = w**3 + 5*w**2 + 4*w - 4. Let o be k(-3). Let g be (16/24)/(o/21). Suppose 114 = -5*r + g*r. What are the prime factors of r?
3, 19
Let k(x) = 23*x**3 + 11*x**2 - 16*x + 9. Let n be k(4). Let p = n - -429. What are the prime factors of p?
2, 3, 337
Let b = 33 + -30. Let l be (-11 + 1)/(b - 82/26). Suppose -5*x = -7*c + 3*c - 346, -5*c - l = -x. List the prime factors of x.
2, 5, 7
Suppose -98*l + 93*l = -25. Suppose -2*z = 2*g - 764 - 1276, -5*g = -l*z - 5130. What are the prime factors of g?
3, 11, 31
Let q(k) = -308*k**2 + 2*k - 3. Let s be q(1). Let a be ((-114)/(-18) - 6)/((-1)/s). Suppose 2*p - a = -17. List the prime factors of p.
43
Suppose -12 = -2*k, k = q + 335 - 7026. List the prime factors of q.
37, 181
Let z = -19125 - -18997. Let i = -201 + 414. Let s = i + z. List the prime factors of s.
5, 17
Let t(c) = 9*c**3 + 4*c**2 + 2*c. Let d be t(-1). Let u(p) = -p**2 - 2*p - 10. Let a be u(d). List the prime factors of (-248)/6*-1*a/(-10).
2, 3, 31
Suppose 5*j - 83630 - 305950 = -10*j. What are the prime factors of j?
2, 43, 151
Suppose -40259 = -2*s - 5*g, 3*s + 2*g + 26239 = 86644. List the prime factors of s.
13, 1549
Let b(u) = -10*u**3 - u**2 - 8*u - 10. Let z be b(-4). Suppose -z = -9*x + 209. What are the prime factors of x?
5, 19
Suppose 11519 = 5*u + 3*i, -i - 938 - 1369 = -u. Suppose -3*y + u = 37*t - 35*t, 0 = t - 5. What are the prime factors of y?
3, 5, 17
Suppose -4*j + 305 = -3735. Let w = j + -656. Let n = w - 61. What are the prime factors of n?
293
Let v(m) = m**2 + 24*m - 28. Let h = 123 - 160. List the prime factors of v(h).
3, 151
List the prime factors of -1*9 + 6682750/250.
2, 31, 431
Let g(k) = 14*k**2 - 42*k + 602. What are the prime factors of g(29)?
2, 7, 797
Suppose -671631 = 2460*y - 2479*y. What are the prime factors of y?
3, 11783
Suppose 40 = -5*k + 10*k. Suppose 18 = f + k*f. Suppose f*x = -46 + 82. List the prime factors of x.
2, 3
Suppose -5 = 3*c + k, 5*c = 4*c - 2*k. Let x = 46 + -38. What are the prime factors of c/x + (-654)/(-24)?
3
Suppose -b = b + 3*z - 1, -4*b + z + 23 = 0. Suppose 0 = t + 4, 2*g + 3*t + 75 = b*g. Suppose -19*s + g*s = 438. What are the prime factors of s?
3, 73
Let b = 13030 - -2543. List the prime factors of b.
3, 29, 179
Let k be (-21)/(-35) + (-7401)/(-15) + 2. Suppose k = 2*l - 4*u, 0 = -3*l - 3*u + 7*u + 742. List the prime factors of l.
2, 3, 41
What are the prime factors of (-15220)/50*(-2 - 63)?
2, 13, 761
Let f(m) = -2*m - 7. Let d(o) = -6*o - 22. Let j(h) = -5*d(h) + 16*f(h). Let q be j(-1). Suppose q*c - c + 96 = 0. What are the prime factors of c?
2, 3
Let r = -8174 + 14730. What are the prime factors of r?
2, 11, 149
Suppose -4*z = -8*z, 4*g + 3*z - 16 = 0. Suppose 0 = 3*m + m - 4*c - 888, -3*c = g*m - 867. List the prime factors of m.
3, 73
Let j(g) = -2*g - 141. Let y(l) = 3*l + 142. Let x(a) = 3*j(a) + 4*y(a). Let m be x(0). Suppose 7 = -3*k + m. What are the prime factors of k?
2, 23
Suppose 3*r - 2*r = -9. Let w be (-30)/r*(-2 - 43/(-2)). Suppose -8*k + 279 = -w. List the prime factors of k.
43
Let a(n) = 137*n**2 + 19*n - 19. List the prime factors of a(7).
6827
Suppose -f + 5*n + 85677 = 0, -5*f - 780*n = -778*n - 428223. What are the prime factors of f?
3, 28549
Let z be (-2)/3*(18/(-4) + -3). Suppose -z*u - 4*w = -245, 3*u - u + 4*w = 86. Let v = -25 + u. What are the prime factors of v?
2, 7
Let f be 8/(-14) - (12 + 1712/(-56)). List the prime factors of ((-600)/f)/4*-42.
2, 5, 7
Let f(k) = 2*k**2 + k - 2. Let i be f(3). Let r(t) = 6*t - 68. List the prime factors of r(i).
2, 23
Let v be ((-102)/(-5))/((-8)/(-100)). Suppose -v = -80*k + 75*k. What are the prime factors of k?
3, 17
Suppose l - 4*f - 1564 = -373, -4816 = -4*l + 3*f. Let y = -730 + l. Let v = -282 + y. What are the prime factors of v?
3, 5, 13
Suppose 4*v - 2*c + 8589 - 1707 = 0, c = 3. Let o be (v - -13)/(-2*1). Suppose -2*z - 5*u = -5*z + 523, 5*z + u = o. What are the prime factors of z?
3, 19
Let c = -79 - -78. Let s be (-3 - c) + 14 + -2. Let o = s + 9. What are the prime factors of o?
19
Suppose 3*o + 110 = -139. Let v = o + 382. List the prime factors of v.
13, 23
Let x(s) = 35*s - 9. Let w be x(3). Let j = 29 - w. Let q = -21 - j. What are the prime factors of q?
2, 23
Let h(q) = -q**3 - 10*q**2 - 15*q + 8. Let j be h(-8). Let g(r) = 8*r + 57. What are the prime factors of g(j)?
3, 19
Suppose r = -27*r + 644. Let k be (-208)/(-6) - (-4)/12. Let m = r + k. List the prime factors of m.
2, 29
List the prime factors of 3/9*(3 + -4 + 161011).
2, 3, 5, 1789
What are the prime factors of (-15)/2*(-292)/18*3?
5, 73
Let t(p) = 14*p**2 + 97*p - 3307. What are the prime factors of t(40)?
22973
Let r = 1130 - 801. What are the prime factors of (-8)/14 + 110074/r?
2, 167
Let n = 63 + -59. Suppose 0 = n*t - 3*d - 1123, -22 = 2*d - 12. List the prime factors of t.
277
Let f = 60 + -87. Let x = 86 + f. What are the prime factors of (-3)/(-9) - (x/(-3) + 1)?
19
Suppose 2*a + 11 - 71 = 0. Let u be ((-10)/(-45)*24)/(4/a). Let l = 69 + u. What are the prime factors of l?
109
Let b(p) = 5*p**2 - 34*p + 86. Let c be b(5). Let v(d) = -39*d + 3. Let m be v(-3). Let g = m - c. List the prime factors of g.
79
Let p = 1330 - 721. Let u = -247 + p. List the prime factors of u.
2, 181
Suppose -202800 = -37*y + 29*y. List the prime factors of y/(-20)*(-4)/6.
5, 13
Let c(z) = 505*z + 4713. List the prime factors of c(63).
2, 3, 761
Suppose 0 = 11*q - 141 + 20. Let y be (-3)/1 + (q - (5 + 0)). Suppose -5*a + 79 + 45 = u, -y*a - 116 = -u. What are the prime factors of u?
7, 17
What are the prime factors of (-13)/(13126560/1009748 + (-14 - -1))?
13, 47, 131
Let m = -500 + 839. Let r = -135 + m. Suppose -3*z = -3*t + 4 - 148, r = 4*z - t. What are the prime factors of z?
2, 13
Suppose -6*t - 25*t = -279. Suppose 0 = -t*j - 10*j + 28709. What are the prime factors of j?
1511
Let n(w) = 19*w**2 + 7*w - 37. Let x be n(7). Suppose -140*k = -139*k - x. What are the prime factors of k?
23, 41
Suppose -2*x + 60 = 2*h + h, 3*x = 5*h + 128. Suppose g = -3 + x. Let c = g - -115. List the prime factors of c.
2, 37
Suppose 4*r = -3*j + 780, -3*j - 3*r + 783 = -0*r. Suppose 5*c + j + 121 = y, 0 = 3*y - 5*c - 1125. What are the prime factors of y?
2, 5, 37
List the prime factors of -2 + (76/4 - 21)*(-7477)/2.
5, 13, 23
Let z = -319 + 17360. What are the prime factors of z?
17041
Let l be 69711/(-171) + 1/(-3). Let i = l - -665. What are the prime factors of i?
257
Let b = -15 + 19. Suppose 1074 = b*j - 3*r + 66, 4*r = 5*j - 1259. What are the prime factors of j?
3, 5, 17
Suppose -46*n + 20418 + 162225 = -23*n. List the prime factors of n.
3, 2647
Let x(j) = -j**3 - 5*j**2 - 13*j - 100. Let l be x(-6). List the prime factors of (-2)/l - 117553/(-161).
2, 5, 73
Suppose 91*k - 1009409 = -298153. List the prime factors of k.
2, 977
Suppose 70*a - 64*a = 5550. Let r = 1308 - a. What are the prime factors of r?
383
Suppose 58*i + 60*i = 52628. What are the prime factors of i?
2, 223
Let y be 1 - 4 - 37/1. Let d be (-4)/(-2 + (-85)/y). List the prime factors of (d/20)/(2/(-5))*9.
2, 3
Let n(t) = 21*t + 3 - 2*t**2 - 19*t**3 - 17*t + 7*t**2 - t**2. Suppose 4*w + 9 = 1. What are the